d by 46?
41
What is the remainder when 655 is divided by 271?
113
What is the remainder when 1042 is divided by 182?
132
Calculate the remainder when 280 is divided by 58.
48
What is the remainder when 4393 is divided by 23?
0
What is the remainder when 192 is divided by 41?
28
What is the remainder when 65 is divided by 25?
15
Calculate the remainder when 70 is divided by 33.
4
What is the remainder when 121 is divided by 41?
39
Calculate the remainder when 3067 is divided by 48.
43
Calculate the remainder when 268 is divided by 44.
4
What is the remainder when 4130 is divided by 26?
22
What is the remainder when 1407 is divided by 64?
63
Calculate the remainder when 105 is divided by 53.
52
What is the remainder when 2273 is divided by 99?
95
Calculate the remainder when 1523 is divided by 14.
11
Calculate the remainder when 49860 is divided by 119.
118
Calculate the remainder when 7032 is divided by 13.
12
What is the remainder when 8438 is divided by 3?
2
What is the remainder when 62 is divided by 13?
10
What is the remainder when 44 is divided by 24?
20
Calculate the remainder when 1233 is divided by 13.
11
Calculate the remainder when 185 is divided by 46.
1
What is the remainder when 78 is divided by 56?
22
Calculate the remainder when 69 is divided by 7.
6
Calculate the remainder when 554 is divided by 21.
8
Calculate the remainder when 204 is divided by 108.
96
Calculate the remainder when 161 is divided by 143.
18
What is the remainder when 391 is divided by 80?
71
Calculate the remainder when 927 is divided by 58.
57
Calculate the remainder when 223 is divided by 21.
13
What is the remainder when 1096 is divided by 182?
4
Calculate the remainder when 3887 is divided by 28.
23
Calculate the remainder when 52 is divided by 9.
7
What is the remainder when 1369 is divided by 10?
9
What is the remainder when 5655 is divided by 31?
13
Calculate the remainder when 274 is divided by 11.
10
Calculate the remainder when 366 is divided by 16.
14
What is the remainder when 393 is divided by 96?
9
What is the remainder when 71 is divided by 11?
5
Calculate the remainder when 119 is divided by 63.
56
Calculate the remainder when 12892 is divided by 31.
27
What is the remainder when 101 is divided by 13?
10
Calculate the remainder when 26 is divided by 16.
10
Calculate the remainder when 81 is divided by 12.
9
Calculate the remainder when 605 is divided by 87.
83
What is the remainder when 816 is divided by 7?
4
Calculate the remainder when 890 is divided by 99.
98
What is the remainder when 4662 is divided by 4?
2
What is the remainder when 489 is divided by 55?
49
What is the remainder when 217 is divided by 55?
52
What is the remainder when 50 is divided by 33?
17
What is the remainder when 125 is divided by 64?
61
Calculate the remainder when 391 is divided by 131.
129
What is the remainder when 17 is divided by 10?
7
What is the remainder when 2100 is divided by 1050?
0
Calculate the remainder when 91 is divided by 40.
11
What is the remainder when 619 is divided by 8?
3
What is the remainder when 237 is divided by 60?
57
Calculate the remainder when 17110 is divided by 46.
44
What is the remainder when 149 is divided by 75?
74
Calculate the remainder when 575 is divided by 245.
85
What is the remainder when 1105 is divided by 224?
209
What is the remainder when 320 is divided by 117?
86
Calculate the remainder when 6448 is divided by 29.
10
What is the remainder when 88 is divided by 66?
22
Calculate the remainder when 44 is divided by 16.
12
Calculate the remainder when 471 is divided by 43.
41
What is the remainder when 88 is divided by 39?
10
What is the remainder when 669 is divided by 30?
9
Calculate the remainder when 866 is divided by 27.
2
What is the remainder when 701 is divided by 209?
74
What is the remainder when 76 is divided by 10?
6
Calculate the remainder when 7 is divided by 5.
2
What is the remainder when 178 is divided by 163?
15
What is the remainder when 417 is divided by 42?
39
What is the remainder when 5451 is divided by 107?
101
Calculate the remainder when 1237 is divided by 611.
15
What is the remainder when 964 is divided by 151?
58
What is the remainder when 221 is divided by 88?
45
Calculate the remainder when 476 is divided by 411.
65
What is the remainder when 3060 is divided by 51?
0
What is the remainder when 2397 is divided by 60?
57
What is the remainder when 280 is divided by 130?
20
What is the remainder when 508 is divided by 503?
5
Calculate the remainder when 13274 is divided by 225.
224
Calculate the remainder when 116 is divided by 64.
52
What is the remainder when 149 is divided by 39?
32
What is the remainder when 784 is divided by 44?
36
Calculate the remainder when 224 is divided by 27.
8
What is the remainder when 9748 is divided by 25?
23
Calculate the remainder when 183 is divided by 93.
90
What is the remainder when 157 is divided by 20?
17
What is the remainder when 10442 is divided by 183?
11
What is the remainder when 474 is divided by 54?
42
Calculate the remainder when 144 is divided by 88.
56
Calculate the remainder when 396 is divided by 388.
8
What is the remainder when 321 is divided by 46?
45
Calculate the remainder when 1458 is divided by 3.
0
Calculate the remainder when 649 is divided by 53.
13
What is the remainder when 145 is divided by 38?
31
What is the remainder when 819 is divided by 275?
269
Calculate the remainder when 3443 is divided by 139.
107
Calculate the remainder when 1471 is divided by 43.
9
Calculate the remainder when 674 is divided by 68.
62
Calculate the remainder when 1096 is divided by 532.
32
Calculate the remainder when 475 is divided by 107.
47
What is the remainder when 351 is divided by 115?
6
Calculate the remainder when 79 is divided by 31.
17
Calculate the remainder when 180 is divided by 22.
4
Calculate the remainder when 1640 is divided by 15.
5
What is the remainder when 128 is divided by 13?
11
What is the remainder when 1539 is divided by 14?
13
Calculate the remainder when 379 is divided by 128.
123
What is the remainder when 525 is divided by 17?
15
What is the remainder when 173 is divided by 7?
5
What is the remainder when 1234 is divided by 159?
121
What is the remainder when 2395 is divided by 790?
25
What is the remainder when 4364 is divided by 59?
57
Calculate the remainder when 4911 is divided by 7.
4
What is the remainder when 187 is divided by 3?
1
What is the remainder when 757 is divided by 95?
92
Calculate the remainder when 28 is divided by 19.
9
What is the remainder when 665 is divided by 112?
105
What is the remainder when 169 is divided by 31?
14
Calculate the remainder when 159 is divided by 40.
39
What is the remainder when 301 is divided by 81?
58
What is the remainder when 115 is divided by 70?
45
Calculate the remainder when 191 is divided by 22.
15
Calculate the remainder when 37 is divided by 6.
1
What is the remainder when 1871 is divided by 48?
47
Calculate the remainder when 969 is divided by 79.
21
What is the remainder when 111 is divided by 16?
15
Calculate the remainder when 29 is divided by 8.
5
What is the remainder when 117 is divided by 17?
15
What is the remainder when 4573 is divided by 32?
29
Calculate the remainder when 115 is divided by 22.
5
Calculate the remainder when 591 is divided by 560.
31
Calculate the remainder when 1320 is divided by 38.
28
Calculate the remainder when 4288 is divided by 148.
144
What is the remainder when 250 is divided by 101?
48
What is the remainder when 197 is divided by 4?
1
What is the remainder when 2754 is divided by 5?
4
What is the remainder when 871 is divided by 38?
35
Calculate the remainder when 97 is divided by 27.
16
What is the remainder when 317 is divided by 29?
27
Calculate the remainder when 822 is divided by 274.
0
Calculate the remainder when 286 is divided by 91.
13
What is the remainder when 173 is divided by 30?
23
Calculate the remainder when 4827 is divided by 151.
146
What is the remainder when 217 is divided by 32?
25
What is the remainder when 2046 is divided by 23?
22
Calculate the remainder when 1834 is divided by 452.
26
What is the remainder when 409 is divided by 90?
49
What is the remainder when 3031 is divided by 11?
6
What is the